{"id":242,"date":"2020-12-28T01:01:08","date_gmt":"2020-12-28T01:01:08","guid":{"rendered":"http:\/\/berguzar.com.tr\/?page_id=242"},"modified":"2020-12-28T01:01:11","modified_gmt":"2020-12-28T01:01:11","slug":"blog-2","status":"publish","type":"page","link":"http:\/\/berguzar.com.tr\/index.php\/tr\/blog-2\/","title":{"rendered":"Blog"},"content":{"rendered":"\n<p>Burada payla\u015ft\u0131\u011f\u0131m\u0131z bilgilere eri\u015febilirsiniz.<\/p>\n\n\n\n<p><\/p>\n\n\n\n<p>Sevgilerimizle<\/p>\n","protected":false},"excerpt":{"rendered":"<p>Burada payla\u015ft\u0131\u011f\u0131m\u0131z bilgilere eri\u015febilirsiniz. Sevgilerimizle<\/p>\n","protected":false},"author":1,"featured_media":0,"parent":0,"menu_order":4,"comment_status":"closed","ping_status":"closed","template":"","meta":{"om_disable_all_campaigns":false,"_monsterinsights_skip_tracking":false,"_monsterinsights_sitenote_active":false,"_monsterinsights_sitenote_note":"","_monsterinsights_sitenote_category":0,"jetpack_post_was_ever_published":false},"jetpack_sharing_enabled":true,"jetpack_shortlink":"https:\/\/wp.me\/P95myZ-3U","_links":{"self":[{"href":"http:\/\/berguzar.com.tr\/index.php\/wp-json\/wp\/v2\/pages\/242"}],"collection":[{"href":"http:\/\/berguzar.com.tr\/index.php\/wp-json\/wp\/v2\/pages"}],"about":[{"href":"http:\/\/berguzar.com.tr\/index.php\/wp-json\/wp\/v2\/types\/page"}],"author":[{"embeddable":true,"href":"http:\/\/berguzar.com.tr\/index.php\/wp-json\/wp\/v2\/users\/1"}],"replies":[{"embeddable":true,"href":"http:\/\/berguzar.com.tr\/index.php\/wp-json\/wp\/v2\/comments?post=242"}],"version-history":[{"count":1,"href":"http:\/\/berguzar.com.tr\/index.php\/wp-json\/wp\/v2\/pages\/242\/revisions"}],"predecessor-version":[{"id":243,"href":"http:\/\/berguzar.com.tr\/index.php\/wp-json\/wp\/v2\/pages\/242\/revisions\/243"}],"wp:attachment":[{"href":"http:\/\/berguzar.com.tr\/index.php\/wp-json\/wp\/v2\/media?parent=242"}],"curies":[{"name":"wp","href":"https:\/\/api.w.org\/{rel}","templated":true}]}}